3)/j + 4/6?
3, 5
Let o(j) = 2*j**2 + 17*j + 11. Let x be o(-8). Suppose -4*t = -5*d + 159, x*d = d + 3*t + 65. What are the prime factors of d?
31
Let k(j) = 6*j**3 - 10*j**2 + 4*j - 3. What are the prime factors of k(6)?
3, 11, 29
What are the prime factors of (5 - (-75)/(-15)) + 1744/2?
2, 109
Let p be 8 - 8 - (-1 + -4). List the prime factors of p/(((-15)/63)/(-5)).
3, 5, 7
Let i = -634 + 820. What are the prime factors of i?
2, 3, 31
Let y(s) = s**3 - 7*s**2 - 7*s + 4. Let v be y(8). Let f(b) = -b + 22. Let z be f(v). List the prime factors of 214/z - 36/90.
3, 7
Let u be -1 + 4 - (1 - 3). Suppose -4*q = -2*o + q + 30, u*o - 37 = 3*q. Suppose -1 = o*f - 41. What are the prime factors of f?
2
Suppose 15*i = 10*i + 220. List the prime factors of 8/14*(i/8 + -2).
2
Let o = -328 + 780. List the prime factors of o.
2, 113
Let c be 33/15 - 3/15. Suppose -c*f - n + 425 = 4*n, 0 = 4*f + n - 841. What are the prime factors of f?
2, 3, 5, 7
Let b(j) = 3*j**3 - 13*j**2 + j - 13. What are the prime factors of b(9)?
2, 5, 113
Let a(d) = -d + 11. Let n be a(-18). Suppose 4*r = 5 - n. What are the prime factors of 402/8 + r/24?
2, 5
Let t(g) = g**2 + 6*g - 10. Let h be t(-8). Suppose -1 = a - h. Suppose a*u - 42 = -2*m, -4*u = u - 3*m - 37. What are the prime factors of u?
2
Let h = -1705 + 5006. What are the prime factors of h?
3301
Suppose 0 = 86*z - 20889 + 249. List the prime factors of z.
2, 3, 5
Let b(z) be the second derivative of z**5/20 + 2*z**4/3 - 4*z**3/3 - z**2/2 - 6*z. What are the prime factors of b(-8)?
3, 7
Suppose 22*o + 784 = 24720. List the prime factors of o.
2, 17
Suppose 0 = 4*b - 4*r - 812, -3*b + r = b - 821. Let o = -146 + b. List the prime factors of o.
2, 3, 5
Let g = -4 - -4. Let n(o) = -o**3 - 5*o**2 - 4*o - 2. Let c be n(-5). Suppose g = 3*q + q - 5*f - 6, -5*q = -f - c. What are the prime factors of q?
2
Let f(b) = -52*b**2 + 5*b + 25*b**2 + 28*b**2 + 6. Let g be f(-5). Suppose -3*w = -2*w - g. List the prime factors of w.
2, 3
Suppose -3*g = 3 - 9. Suppose 5*z - 4*l + 3*l = 797, -g*z + 320 = -l. Suppose -x - 2*s = -27, s = -5*x + 3*s + z. What are the prime factors of x?
31
Let t be 40/50 - (-18)/(-10). Let x(p) = 71*p**2 + 1. Let j be x(t). Suppose -c = 5*c - j. List the prime factors of c.
2, 3
Suppose 8806 = -209*y + 216*y. What are the prime factors of y?
2, 17, 37
Suppose 28*v - 31*v - 9 = 0. List the prime factors of -2*((-71)/v)/(2/(-12)).
2, 71
Suppose -822 = -g + 5*v, -4*g - 5*v + 8*v + 3322 = 0. List the prime factors of g.
2, 13
Let v = 95 + -138. Let y = v + -19. Let u = y - -121. List the prime factors of u.
59
Let j(a) = 2*a - 10. Let m be j(6). What are the prime factors of (-3)/(-2) + 69/m?
2, 3
Suppose -2*q - 2*q - 2*p = -10, -4*q - 5 = -p. Suppose q = -2*b + 5*b. Suppose 3*n + 5*r - 63 = -n, 2*n + 5*r - 19 = b. List the prime factors of n.
2, 11
Let f be (216/(-84))/(1/(-7)). Let z = -46 + f. List the prime factors of 12/4 - z - 2.
29
Suppose 10776 = 4*u + 2*t, 21*u + 3*t = 24*u - 8100. What are the prime factors of u?
2, 337
Let a(k) = -112*k - 13. List the prime factors of a(-2).
211
Let f(h) = -14*h + 29. Let o(p) = 5*p - 10. Let z(v) = -4*f(v) - 11*o(v). Let x(u) = 2*u - 12. Let k(q) = 4*x(q) - 9*z(q). List the prime factors of k(-10).
2
Suppose -w + 2*w + o = 2, 3*w + 4 = 2*o. Let m(n) = -3*n + 145. What are the prime factors of m(w)?
5, 29
Let q(z) = 2*z**2 + 5*z**3 + 2 - z + 3*z**3 - 5*z**3. Let b be q(2). Let x = -17 + b. List the prime factors of x.
3, 5
Let m = 1734 + -538. What are the prime factors of m?
2, 13, 23
What are the prime factors of (-1433 - (-13 + 6))/(-2)?
23, 31
Let t = 948 + -276. List the prime factors of t.
2, 3, 7
Let w = 558 - -1537. What are the prime factors of w?
5, 419
Suppose 0 = -11*q + 3129 + 6518. What are the prime factors of q?
877
Suppose 4*f + 10*j - 335 = 5*j, 5*f = -2*j + 440. Let y = f + -37. What are the prime factors of y?
53
Suppose -9 = -x - 5. Suppose 0 - 12 = -x*s. Suppose 5*z - 270 = 3*p, 135 = 5*z + s*p - 165. What are the prime factors of z?
3, 19
Let u = -406 + 572. Let i = -112 + u. What are the prime factors of i?
2, 3
What are the prime factors of 3 + -1 - (-260 - (5 - -4))?
271
Suppose -1682 = -7*v + 1888. List the prime factors of v.
2, 3, 5, 17
Suppose f + 13 = -3*o + 1, 0 = 2*f - 3*o + 6. Let z(q) = -11*q + 21. Let w(p) = 23*p - 43. Let r(y) = 4*w(y) + 9*z(y). What are the prime factors of r(f)?
59
Suppose -628 - 1547 = 3*d. List the prime factors of (d/10 - -3)/(1/(-2)).
139
Let l = 49 - 45. Suppose -l*i + 3*i + c = -88, c - 1 = 0. What are the prime factors of i?
89
Let p(m) = -2*m - 7. Suppose 4*j + 4 = 4*t, -4*t + 2 = -2*j + 10. Let w be p(j). Suppose 7*g - w*g - 134 = 0. List the prime factors of g.
67
Suppose 0 = 4*c + 3 - 11. Suppose n - 176 - 13 = c*h, 0 = 3*n + 5*h - 611. List the prime factors of n.
197
Let p = 3311 + -868. What are the prime factors of p?
7, 349
Let l = 13 - 9. Suppose -6*c = -l*o - c - 1018, o = c - 254. List the prime factors of 4/((-16)/o) + -4.
59
Let o = -13 - -15. Suppose 4*f - o*g = 14, 3*f + 4*g = 8 + 19. Suppose -f*r + 96 + 9 = 0. What are the prime factors of r?
3, 7
Suppose 6*l + 19*l = 44925. What are the prime factors of l?
3, 599
Suppose 5*t = -5*v - 0*t + 60, 0 = 2*v - 3*t - 14. Suppose -v = g - 3*i - 5, 6 = 3*i. Let u = 23 - g. What are the prime factors of u?
2, 11
Suppose -5*u + 989 = -z, 0*u + 395 = 2*u - z. Let w = u - 74. List the prime factors of w.
2, 31
Let h = 2273 - 918. List the prime factors of h.
5, 271
Suppose -4*j + 2148 = -2*o - 2*o, -5*j - 1067 = 2*o. Let y = -364 - o. Let g = y + -112. What are the prime factors of g?
2, 3, 5
Suppose 3*v + 6*n = 2*n - 268, 0 = -5*v + 5*n - 400. What are the prime factors of ((-42)/(-8))/((-9)/v)?
7
Let w be (-42)/(-35)*5/2. Suppose -w*r - 10 = -4. List the prime factors of (-6)/(r + 8/6).
3
Let d = -17 - -18. Let q be d - (-28)/(-8)*-4. Let v = 39 - q. List the prime factors of v.
2, 3
Suppose -51 = -7*h + 8*h. What are the prime factors of (4 + -2 + h)*-1?
7
Suppose o = 2*b + 3*b + 11, 0 = 2*b - 4*o - 10. Let n be b - -9 - (6 - 3). Suppose -3*w + 54 = n*a, -6*a + 2*a + 38 = 2*w. What are the prime factors of w?
17
Suppose 153*m = 141*m + 28380. List the prime factors of m.
5, 11, 43
Suppose 0 = -3*u + 5*i - 4, -2*i - 22 = -5*u + 3. Suppose u*k = 3*k + 80. List the prime factors of k.
2, 5
Suppose -43*s = -33812 - 25442. List the prime factors of s.
2, 13, 53
Suppose -2*k + 1265 = -0*k - f, 3*f = 5*k - 3163. What are the prime factors of k?
2, 79
Suppose 3*y - 5*b = -10*b + 2203, -b = 2*y - 1464. What are the prime factors of y?
17, 43
What are the prime factors of ((-8)/(-10) + (-513)/(-190))*578?
7, 17
Let w(i) = 179*i**3 - 2*i**2 + 2*i - 1. Let t = -1 + 2. Let b be w(t). Suppose -4*x + 2*j + b + 114 = 0, -5*x - 4*j + 339 = 0. List the prime factors of x.
71
Let q be (414/27)/((-2)/(-3)). Let l = 28 - q. Suppose 15 = l*n - 10. What are the prime factors of n?
5
Let i = 80 + -138. Let q = -34 - -5. Let a = q - i. What are the prime factors of a?
29
Let p(o) = 6*o**2 + 2*o - 10. Let u = -52 + 56. List the prime factors of p(u).
2, 47
List the prime factors of 5642/14 - (-10 - -5).
2, 3, 17
List the prime factors of (202 + -60)*31/2.
31, 71
Suppose 0*k + 3*f = 2*k - 330, 4*k - 674 = -f. Suppose 13*d - 92 - k = 0. List the prime factors of d.
2, 5
Let u = -85 + 80. What are the prime factors of (-4)/u - (-2772)/10?
2, 139
Let i(l) = 5*l. Let d be i(6). Suppose 0*v = -3*v + d. Suppose -2*s = -s - v. List the prime factors of s.
2, 5
Let v = 672 - -997. List the prime factors of v.
1669
Suppose -4 = -2*u + 4*f, -u + f + 3 = 2. Suppose 3*x + 2*x + 50 = u. Let d = 16 + x. What are the prime factors of d?
2, 3
Let u(s) = s**3 - 5*s**2 + 5*s + 9. Let c be u(6). Suppose -5*i = -5*w - 120, 0*i - 3*i + 4*w + c = 0. What are the prime factors of i?
3, 7
Let h = -36 - -38. Suppose 2*g + h = -2*i, 0*i + 19 = 5*g - i. List the prime factors of g.
3
Let j(l) = 0*l - 4*l**2 - 35*l**3 - 5*l + 34*l**3 - 25 - 5*l**2. What are the prime factors of j(-10)?
5
Let r = 1167 - 647. List the prime factors of r.
2, 5, 13
Suppose -23*f + 25*f = 4*h + 2240, 4*f + 2*h = 4480. What are the prime factors of f?
2, 5, 7
Suppose 430 = s + s + 5*q, 430 = 2*s + 2*q. List the prime